-107*s + 114*s. What is the remainder when x is divided by s?
15
Suppose -u + 2*w = -15, -2*w + 24 + 6 = 4*u. Calculate the remainder when 54 is divided by 3 - (-5 - (u + 0)).
3
Suppose -11172 = -90*m + 10878. Calculate the remainder when m is divided by 113.
19
Let t(w) = -12*w**3 + 4*w**2 - 6*w - 1. Let f(i) = -24*i**3 + 8*i**2 - 13*i - 2. Let p(a) = 3*f(a) - 7*t(a). What is the remainder when p(2) is divided by 21?
3
Let k(q) = -230*q**3 + 2*q**2 - 6*q + 4. Let n be k(1). Let z = n - -552. Calculate the remainder when z is divided by 19.
18
Let j = -6471 - -6476. Calculate the remainder when 2864 is divided by j.
4
Let b(i) = 11*i**2 - 81*i - 405. Calculate the remainder when b(-5) is divided by 16.
3
Let o = 51141 - 51008. Let z = -37 + 103. Calculate the remainder when o is divided by z.
1
Suppose k = 3*k + 5*k - 938. What is the remainder when 434 is divided by k?
32
Suppose -4*o + 2*m + 306 = 0, 20*m - 21*m = 5*o - 372. What is the remainder when o is divided by 46?
29
Suppose -2*g = -5*a + 15 + 5, 4*a - 23 = 3*g. What is the remainder when -139*(-1)/g*-5 is divided by 72?
67
Let r = 95 + 142. Let p = 250 - r. Suppose -3*d - w - 188 = -8*d, d + 3*w = 28. Calculate the remainder when d is divided by p.
11
Let j be (-8)/80 + 19/(-10). Calculate the remainder when (159 + 0)*4/(-72)*-6 is divided by (-5)/(-5)*(-38)/j.
15
Suppose 3*f + 90 = 4*f - 4*r, 4*f + 2*r - 288 = 0. Suppose -16651 = -52*v + 21777. Let d = 777 - v. Calculate the remainder when f is divided by d.
36
Suppose 12*k = -2*y + 8*k + 22, y - 23 = 2*k. Suppose 4*t - 1475 = -p, 3*p - 2 + y = 0. What is the remainder when t is divided by 31?
29
Suppose -4*u = r + 2 - 10, -6 = -2*r + 2*u. What is the remainder when 272 + (r - 4 - 7) is divided by 67?
64
Let g(d) = -183*d - 105. Let k = -84 - -82. What is the remainder when g(k) is divided by 87?
0
Let w(l) = -5*l - 32. Let p be w(-7). Suppose 4*g + 0*f = p*f - 562, -3*g = -f + 419. Let o = -96 - g. Calculate the remainder when o is divided by 15.
13
Suppose 43 = -10*m + 133. Suppose 3*g + m*g = 156. What is the remainder when g is divided by 5?
3
Let x = -1 + 1. Suppose -5*q - 55 = -5*h, x = -h + 6*h - 3*q - 53. What is the remainder when (19/(570/(-36)))/(4/(-110)) is divided by h?
3
Suppose -3*a - 4*b + 30 = 0, -3*b = a - 2*b - 9. Let h = 28 - a. What is the remainder when 43 is divided by (-3 + 1 - -3) + h?
20
Let g = -5426 + 5449. Suppose 3*r + 14 = 5*r. What is the remainder when g is divided by r?
2
Let y(z) = -2*z**2 - 332*z + 1988. Let b be y(-172). Let c be (-677)/5 + 4/10. Let v = b - c. Calculate the remainder when v is divided by 16.
11
Let f(v) = 2*v**3 - 5*v**2 + 4*v - 6. Let s be f(4). Suppose -2*u + s = -u. Suppose -4*y + 2202 = 2114. Calculate the remainder when u is divided by y.
14
Suppose 8*m = -10*p + 9*p + 8, 0 = -2*m - 12. Calculate the remainder when 183 is divided by p.
15
Suppose 5*a = 25, 3*y = -a - 3*a + 47. Calculate the remainder when 105 is divided by 132/y*(2 - (-4)/(-8)).
17
Let l = 1281 + -1225. Calculate the remainder when 1401 is divided by l.
1
Let l(t) = t**3 + 70*t**2 + 135*t + 75. Let o = 50 - 13. What is the remainder when l(-68) is divided by o?
32
Suppose -377 + 2577 = 40*t. Calculate the remainder when 290 is divided by t.
15
Let u(d) = -19*d + 19. Let w be u(-2). Suppose 0 = 5*q - 3*l - 282, 2*q - 39 = -3*l + w. What is the remainder when q is divided by 4?
2
Let b = 4557 + -4494. Calculate the remainder when 6675 is divided by b.
60
Let n(a) = -a**3 - 25*a**2 + 29*a + 77. Let z be n(-26). Let o be (0 + 1 + -2)*43. Calculate the remainder when 30 is divided by o/(-5) + z - (-6)/15.
6
Suppose -131*i + 13386 - 672 = 32*i. What is the remainder when 1869 is divided by i?
75
Let f(y) = 15*y. Let i be f(1). Suppose -s + i = -3*p, -5*s + p = 11 - 30. Calculate the remainder when 25 is divided by s + 1 + (-12)/(-4).
4
Let i = 3316 - 2746. What is the remainder when i is divided by 40?
10
Suppose 7*o = 30420 - 26829. Calculate the remainder when o is divided by 453.
60
Let i(p) = p**3 - 15*p**2 + 39*p - 105. What is the remainder when 703 is divided by i(13)?
63
Suppose -6*n + 48 = -3*n. Suppose -2*o - n + 28 = 0. Let t(q) = -q**2 + 13*q - 2. Calculate the remainder when t(o) is divided by 11.
7
Suppose -2*u + 5 = -1. Let w = 15700 - 15357. Suppose -2*g = -5*s - w, 0*s = u*g + 5*s - 452. Calculate the remainder when g is divided by 27.
24
What is the remainder when 724 is divided by 610/22 + 54/198?
24
Let n = 3344 + -3036. What is the remainder when n is divided by 10?
8
Let a(r) = -33*r + 22. What is the remainder when a(-5) is divided by 9?
7
Let v(a) = -3*a**2 + 11*a + 9. Let j be v(4). What is the remainder when 6/((-7 - -5)*j/(-135)) is divided by 12?
9
Suppose j - 100 = -2*t - j, 5*j + 74 = t. Calculate the remainder when 374 is divided by t.
50
Suppose w + 291 = 4*z, 61 = -2*z + 3*w + 224. What is the remainder when 474 is divided by z?
48
Let o = 5961 + -5938. Calculate the remainder when 11567 is divided by o.
21
Calculate the remainder when 122 is divided by ((-70)/8)/(5*(-15)/300).
17
Suppose -5*w + 10 + 0 = 0, 0 = -3*m - 2*w + 40. Suppose -7*j + m = -3*j. Calculate the remainder when 49 is divided by 10/3*j/2.
4
Let u be 9 + 2453/11 + (-3 - 1). Let l = -214 + u. What is the remainder when 88 is divided by l?
4
Suppose -191*x = -4*c - 190*x + 36485, 35 = 5*x. Calculate the remainder when c is divided by 26.
23
Let t = -23 - 9. Let x = -10 - t. Let g = -3848 + 3852. What is the remainder when x is divided by g?
2
Let i(m) be the second derivative of m**3 - 33*m**2/2 - 24*m. Let q be i(5). What is the remainder when -61*q*2/6 is divided by 17?
10
What is the remainder when 186 is divided by (11 - 1)/(126/567)?
6
Let w be (2/(-3))/((-24)/(-9) - 2). Let k be (-160)/(-3) - (-1 + w/(-3)). Let j = -8 + k. What is the remainder when j is divided by 16?
14
Let b = 10 + -3. Let t = -98 - -111. Suppose -5*v = -v - 3*u - 32, -3*u = 5*v - t. Calculate the remainder when b is divided by v.
2
Calculate the remainder when 790/(-4)*2/(0 + (-30)/18) is divided by (-1)/(-6) + (-574)/(-12).
45
Calculate the remainder when (11325/100)/(((-3)/(-4))/1) is divided by 104.
47
Let h = 3408 + -3117. What is the remainder when h is divided by 98?
95
Let z = 49 + 16. Suppose 8*g - 306 = -60*g + 646. What is the remainder when z is divided by g?
9
Suppose -4*r - 2*t + 656 = 316, 0 = -2*r - 3*t + 170. What is the remainder when 6709 is divided by r?
79
Let m = 23 + -62. Let z = m + 43. Suppose -3*h - z = -37. What is the remainder when 30 is divided by h?
8
Let a(b) = -13*b + 1. Suppose -13*t + 25 + 150 = 4*x, -4*t + 85 = -5*x. What is the remainder when a(-2) is divided by t?
12
Let i(v) = -7*v**2 + 15*v + 8. Let q(u) = -2*u**2 + u - 1. Let o(d) = -i(d) + 3*q(d). What is the remainder when o(-5) is divided by 13?
9
Let v = -37 + 43. Let d(a) = a**2 - 8*a + 23. What is the remainder when 42 is divided by d(v)?
9
Suppose -4*p + 30 = 2*u, 0 = 2*p + 2*u - 20 + 8. Calculate the remainder when 12 is divided by (-1 + 4 - (p - 4)) + 5.
0
Let y = -10453 - -11036. What is the remainder when y is divided by 9?
7
Suppose 7 = 5*f + 2. Suppose f = 4*d + 3*l - 8, -4*d + 10 = 2*l. Suppose d*z - 4*u = 182, z + u + 326 = 6*z. Calculate the remainder when z is divided by 12.
6
Let q(n) = -15*n - 79. Let g(s) = -s**2 + 28*s + 51. Let d be g(30). Calculate the remainder when 77 is divided by q(d).
21
Calculate the remainder when 514 is divided by 18/4*(-10816)/(-1872).
20
Suppose -46838 = 214*i - 236*i. What is the remainder when i is divided by 10?
9
What is the remainder when (-4 - 24) + 7 - -167 is divided by 100?
46
Suppose 19*i - 9961 = 7004 + 4562. What is the remainder when i is divided by 26?
15
Let s(o) = -3*o**3 - 24*o**2 - 40*o - 5. Calculate the remainder when 316 is divided by s(-6).
12
Suppose -20*y - 185840 = -704660. What is the remainder when y is divided by 23?
20
Suppose 22592 = 4*d + 6*l, 2*l - 285 = 3*d - 17203. Calculate the remainder when d is divided by 34.
32
Let l = 84 + -43. Suppose 5 - 21 = -8*p. Let s(a) = 4*a**2 + a - 4. What is the remainder when l is divided by s(p)?
13
Let n(j) = 1367*j - 956. What is the remainder when n(3) is divided by 786?
1
Suppose 0 = 340*c - 345*c + 25. Suppose 123 = 3*g -